- 139*s - 23. Calculate the remainder when 380 is divided by n(-34).
64
Suppose v = 1070 + 1611 - 242. Calculate the remainder when v is divided by 13.
8
Suppose 33*k = 39*k - 12. Suppose 7*p = 3*n + k*p - 38, 4*n = 4*p + 40. Calculate the remainder when 15 is divided by n.
3
What is the remainder when 399 is divided by 11/66 - (-298)/12?
24
Let l be (-5 + 6)/(1/1). What is the remainder when 306/l*(-7)/(-14) is divided by 26?
23
Let c(x) be the third derivative of -x**5/60 - 13*x**4/8 - 143*x**3/3 + 202*x**2. What is the remainder when 216 is divided by c(-11)?
18
Let j(n) = 282*n - 77. Suppose 3*w = -2*r - 3, -w = 4*w + 4*r + 7. Suppose -p - 4 + 30 = 0. Calculate the remainder when j(w) is divided by p.
23
Suppose 11*g - 874 + 96 = 465. Calculate the remainder when 329 is divided by g.
103
Suppose -10*h + 393 + 477 + 130 = 0. Calculate the remainder when 713 is divided by h.
13
What is the remainder when 1273 is divided by -21*(6 - 405/63)?
4
Let j = 6 - -2. Let k be 36/90 + ((-974)/10 - 0). Calculate the remainder when (-6 - k)*10/35 is divided by j.
2
Let m(o) be the first derivative of 0*o - 1/2*o**2 + 5 + 10/3*o**3. Calculate the remainder when 42 is divided by m(1).
6
Let x be 1 - (-1)/((-1)/23). Suppose -3*u - 27 = -2*o, 4*u + 44 = 103*o - 100*o. Let z = o + x. What is the remainder when 7 is divided by z?
1
Suppose -2 + 4 = t. Let u(q) = 14 + 25*q**t - 3 + 30*q + q**3 - 41*q**2. What is the remainder when u(14) is divided by 9?
3
Let j = -4319 + 4469. Calculate the remainder when 1343 is divided by j.
143
Calculate the remainder when 1784/((24/(-15))/(12/(-15))) is divided by 283.
43
Suppose 0 = 10*z - 187 - 213. What is the remainder when 277 is divided by z?
37
Suppose -2*b = -o - 723, -3*b = 12*o - 7*o - 1091. Suppose 8*c + b = 490. Calculate the remainder when 23 is divided by c.
7
Suppose 0 = -2*o - 5*h - 3 - 3, -10 = -5*h. Let d be ((-1)/2)/(12/24). Calculate the remainder when 102 is divided by (-1127)/(-56) + 1 - d/o.
18
Suppose -3*a - 1551 = -4*v, 2*v - 833 = 5*a - 68. Let j = v - 294. What is the remainder when j is divided by 31?
3
What is the remainder when 2/((-20 + 11)/(-1332)) is divided by 93?
17
Let y(m) = m**3 - 35*m**2 + 34*m + 7. Let o be y(34). Suppose -232 = -o*z + 6. Calculate the remainder when z is divided by 23.
11
Let o = 47 + -26. Let n = 12002 - 11940. What is the remainder when n is divided by o?
20
Let s(p) = 3*p - 20. Let u be s(12). Let j(d) = d - 1. Let x be j(u). Suppose -33 = x*g - 633. What is the remainder when g is divided by 7?
5
Let w = -1426 - -1471. Calculate the remainder when 1663 is divided by w.
43
What is the remainder when 1/5 - -12*(-10308)/(-120) is divided by 415?
201
Calculate the remainder when 436440/210 - 6/21 is divided by 21.
20
Let d be (-2442)/(-48) + 4/32. Suppose -2*u - 5*j = -133, 3*u + 4*j - 189 = -0*j. Let t = u - d. Calculate the remainder when 37 is divided by t.
5
Calculate the remainder when ((-8 - -13) + -6 + 2)*521 is divided by 78.
53
Suppose 4*v + 3*r - 836 = 0, 3*v + 114 - 748 = -4*r. Calculate the remainder when v is divided by 60.
26
Let o = 1600 - 1447. Suppose 0 = -5*j - 4*j. Suppose 4*x - 3*t - 91 = 0, j = 5*x + t + t - 108. What is the remainder when o is divided by x?
21
Suppose 2*d - 133 = 3*s, -2*d + 95 = -4*s - 41. Suppose -d = -5*u + 28. Calculate the remainder when 19 is divided by u.
1
Suppose -5*t + 2*b + 235 = 71, 30 = t + b. Calculate the remainder when 105 is divided by t.
9
Let g = 84 - 54. Suppose 23*c = g*c - 14. Suppose -c*s = -6, 2*s + 181 = 5*l - s. What is the remainder when l is divided by 8?
6
Let j = 2 - -12. Suppose -10 - j = -v. Suppose 31*s + 660 = 35*s. Calculate the remainder when s is divided by v.
21
Let g = -15 - -19. Suppose 2*m = 5*m. Suppose m = 2*v + 4*d - 68 - 20, -128 = -3*v - g*d. What is the remainder when v is divided by 22?
18
Calculate the remainder when 0 + 6 - 24486/(-53) is divided by 110.
28
What is the remainder when -23 - 32039/(-92) - (-6)/8 is divided by 31?
16
What is the remainder when 7137 is divided by ((-2358)/(-2751))/((-6)/(-980))?
137
Let g(f) = f**3 + 8*f**2 - 87*f - 585. Calculate the remainder when 1/((1/211)/1) is divided by g(-7).
65
Let p = -261 - -279. Suppose -p*v + 16*v + 20 = 0. What is the remainder when 17 is divided by v?
7
Suppose 536 = -4*p - 4*s, 9*p + 3*s = 13*p + 543. What is the remainder when 133 is divided by (17/(-51))/(((-3)/p)/(-1))?
13
Suppose 657 = f - z, f = 4*z + 28 + 635. What is the remainder when f is divided by ((-1024)/192)/((-1)/3)?
15
Suppose 25*o - 18837 = 4813. Calculate the remainder when o is divided by 463.
20
Suppose 16*w - 12 = 132. Suppose w*l - 22 = 455. Calculate the remainder when l is divided by 70/4 + 3/6.
17
Suppose -5*j = -2*f - 364, 80*j - 281 = 76*j + 5*f. Suppose 4*d - 2*n = 8, 3*n - 7 - 1 = d. What is the remainder when j is divided by d?
2
Let g be (14 + -11)*(-1934)/(-6). Let w = -522 + g. Suppose -w = 14*x - 19*x. Calculate the remainder when x is divided by 23.
20
Suppose 0 = -9*z + 4*z + 5, -3*j - 3*z + 1608 = 0. What is the remainder when j is divided by 37?
17
Suppose -5*d + 1993 = 19*d - 1799. Suppose 56 = q + 3. Calculate the remainder when d is divided by q.
52
Let q(k) = 2*k**2 + 5*k - 12. Let i be q(-4). Suppose -3*r = y - 2 + 8, 3*y - r - 22 = i. Calculate the remainder when 22 is divided by y.
4
Let c = 1228 + 827. Calculate the remainder when c is divided by 121.
119
Suppose -7*h + 431 + 32 + 517 = 0. What is the remainder when 29259 is divided by h?
139
Let s = -16027 + 16121. Calculate the remainder when 591 is divided by s.
27
Let u(x) be the third derivative of x**6/40 - 7*x**5/60 - x**4/8 + 11*x**3/6 + x**2 - 100. What is the remainder when u(5) is divided by 40?
36
Let u = 28383 + -28357. What is the remainder when 1161 is divided by u?
17
Suppose 33*g = 42*g + 2826. Let p = g + 325. Calculate the remainder when 41 is divided by p.
8
Let p = 50 + -47. Suppose -2*k = -2*i - 142, -p*i = -6*i - 9. Let t = k + -51. Calculate the remainder when 60 is divided by t.
9
Let t(p) = 2*p**3 + 20*p**2 + 7*p - 11. Let r be t(-9). Suppose -3*n + r = -n. What is the remainder when (-3)/12*-346*2 is divided by n?
41
What is the remainder when 305 is divided by ((-21)/9 - -2)/((-11)/(-5 + 599))?
17
Suppose -76*p + 71560 = 16950 - 50726. Calculate the remainder when p is divided by 461.
3
Let r(u) = u**3 - u**2 + u + 39. Let w(g) = -5*g + 64 + 7*g - g + 29 - g**2. Calculate the remainder when r(0) is divided by w(9).
18
Let t(a) = a**3 - 46*a**2 - 41*a - 210. What is the remainder when t(48) is divided by 175?
155
Let t be (1 - 224) + -5 - 6. Let r = 245 + t. Calculate the remainder when 42 - 0/(-1 + -3) is divided by r.
9
Let b be (-11)/4 + 3 + (-299)/(-4). Suppose 83*n - 86*n = -b. Suppose -39 = -2*y - 13. Calculate the remainder when n is divided by y.
12
Let u(r) = 34*r**2 + 3*r + 22. Let q be u(-3). Suppose 66*m = 55*m + q. Calculate the remainder when 811 is divided by m.
28
Suppose -218*z + 223*z = 45. Calculate the remainder when (65/20)/(4/48) is divided by z.
3
Calculate the remainder when 4107 is divided by -1 - (-279)/(-18)*-2.
27
Suppose 0 = -278*r + 4485 + 4689. Calculate the remainder when 480 is divided by r.
18
Let z = 2145 - 2100. Suppose 557 = 4*m + 85. Calculate the remainder when m is divided by z.
28
Let h = -143 - -208. Suppose -24 = -2*t - 4*d, -5*t + 4*d + h = 9*d. Suppose -5*y + 3*y = -80. Calculate the remainder when y is divided by t.
12
Suppose 0 = l - 17 - 65. Suppose -2*z + u = -26, 4*u + 74 = 5*z + 6*u. Calculate the remainder when l is divided by z.
12
Suppose -2*s + 6 = -0, -4*h + 2*s = 306. Let z = 5 - h. Let f(m) = -7*m + 21. What is the remainder when z is divided by f(-3)?
38
Let o = -20097 + 20566. Calculate the remainder when 517 is divided by o.
48
Let y(s) = -2178*s + 6701. Calculate the remainder when 585 is divided by y(3).
84
Suppose -36 = -18*g + 15*g. Suppose 4*q - 696 = -4*s, -7*s - 4*q + 874 = -2*s. Calculate the remainder when s is divided by g.
10
Let l be 305/30 + -6 - 1/6. Suppose 3*s + 0*g = 3*g + 285, -3*g = -l*s + 378. Let c = -10 - -29. What is the remainder when s is divided by c?
17
Let w(p) be the third derivative of -5*p**4/8 - 25*p**3/6 - 3*p**2 + 6. Calculate the remainder when w